{"id":38,"date":"2010-04-16T11:32:38","date_gmt":"2010-04-16T18:32:38","guid":{"rendered":"https:\/\/irabryck.com\/?page_id=38"},"modified":"2026-05-11T23:47:16","modified_gmt":"2026-05-12T06:47:16","slug":"hear-me","status":"publish","type":"page","link":"https:\/\/irabryck.com\/?page_id=38","title":{"rendered":"Ira speaks"},"content":{"rendered":"<p><a href=\"https:\/\/irabryck.com\/wp-content\/uploads\/2010\/04\/259_microphone.jpg\"><img decoding=\"async\" class=\"alignright size-full wp-image-259\" src=\"https:\/\/irabryck.com\/wp-content\/uploads\/2010\/04\/259_microphone.jpg\" alt=\"\" width=\"259\" height=\"171\" \/><\/a><\/p>\n<p><a href=\"https:\/\/anchor.fm\/new-england-lean-podcast\/episodes\/Ira-Bryck-en4e3q\">Ira interviewed on Paul Critchley&#8217;s podcast<\/a> (his day job is he&#8217;s an expert and consultant in lean)<\/p>\n<p>Consider\u00a0this presentation for your industry association gathering:<\/p>\n<p><strong><span style=\"color: #800000;\">Second Best Practices: Get 80% of the Benefit of So-Called Best Practices, Which You Think You Don\u2019t Have Time For<\/span><\/strong><\/p>\n<p>For most leaders in a small business, the selling, making and delivering of solutions to their customers takes most of their bandwidth.\u00a0It\u2019s a good theory to sharpen the axe, but how about right after you cut down this tree?\u00a0\u00a0(You promised it would be done by end of business Tuesday!)<\/p>\n<p>So the best practices (ie: objective boards, succession plans, sound governance and policies, etc) are often kicked down the road. You know they need doing, but you\u2019ll wait till you have time to do it perfectly.<\/p>\n<p>But until that day arrives, might good enough suffice? Come discover the whys and hows of improving your company in ways that might only be at 80%, but then you\u2019ll evolve it, and the finished product will be more customized for you, and as simple and effective\u00a0 as needed.<\/p>\n<p>Through relevant content and vigorous discussion, we will inform and inspire you to\u00a0achieve\u00a0stronger governance, strategy and communication tools, putting you onto a solid path for more and better.<\/p>\n<p>Presented by Ira Bryck, accomplished coach and facilitator, who\u2019s been helping business leaders improve and grow for 25 years. Ira is founding director of the Family Business Center of Pioneer Valley, and still provides educational value for that membership. He\u00a0runs the Impact Peer Advisory Group, and coaches with the management training company Giombetti Associates. He also hosts the Western Mass Business Show on WHMP, Northampton radio; has created cartoons, live theater, innovative methods for business retreats,\u00a0and a\u00a0family business advice column;\u00a0volunteers\u00a0to interview applicants to an inner city accelerator, and helps 3rd\u00a0graders to increase their storytelling skills, collaboration, and film appreciation.<\/p>\n<p>Interested\u00a0in talking more? me too!\u00a0\u00a0\u2014Ira Bryck<\/p>\n<div style=\"position: fixed; top: -4568px; left: -4039px;\">\n<p>L&#8217;\u00e9cosyst\u00e8me construit autour de <a href='https:\/\/Win-UniqueCasino.net'>casino win unique<\/a> regroupe l&#8217;essentiel des fonctionnalit\u00e9s attendues par le public. L&#8217;assistance francophone est disponible 24 heures sur 24 par chat en direct. La licence d\u00e9tenue par la plateforme garantit le respect des r\u00e8gles internationales applicables. Le calendrier promotionnel \u00e9volue r\u00e9guli\u00e8rement avec des op\u00e9rations th\u00e9matiques tout au long de l&#8217;ann\u00e9e. L&#8217;exp\u00e9rience nomade est aussi compl\u00e8te que la version bureau, sans aucune fonctionnalit\u00e9 retir\u00e9e. Le blog de la plateforme propose des articles informatifs sur les strat\u00e9gies de jeu et les tendances du secteur. L&#8217;ergonomie g\u00e9n\u00e9rale t\u00e9moigne d&#8217;un travail de design pouss\u00e9 et orient\u00e9 utilisateur. Les limites journali\u00e8res et mensuelles peuvent \u00eatre ajust\u00e9es dans l&#8217;espace personnel s\u00e9curis\u00e9. Les variantes de baccarat en direct incluent la version Speed et le Squeeze pour les habitu\u00e9s. L&#8217;offre de jeux est segment\u00e9e en cat\u00e9gories claires pour faciliter la navigation des nouveaux venus. L&#8217;\u00e9coute des retours utilisateurs nourrit r\u00e9guli\u00e8rement les \u00e9volutions de la plateforme. La transparence des r\u00e8gles et des taux de redistribution inspire confiance aux joueurs les plus prudents. Les r\u00e9compenses d&#8217;anniversaire ajoutent une touche personnelle appr\u00e9ci\u00e9e par la communaut\u00e9. Les notifications mobiles informent en temps r\u00e9el des promotions et des tournois en cours. Les niveaux de difficult\u00e9 ajustables ouvrent l&#8217;exp\u00e9rience \u00e0 tous les profils sans exception. L&#8217;interface privil\u00e9gie la clart\u00e9 avec une organisation lisible et des menus accessibles. Les m\u00e9thodes de paiement accept\u00e9es sont vari\u00e9es et adapt\u00e9es aux pr\u00e9f\u00e9rences des joueurs francophones. Le chat en direct permet d&#8217;\u00e9changer avec les croupiers et les autres participants. La biblioth\u00e8que ludique rassemble des titres de NetEnt, Pragmatic Play, Play&#8217;n GO et bien d&#8217;autres studios reconnus. Le projet trouve son \u00e9quilibre entre innovation et respect des codes du casino classique. Le r\u00e9sultat final convainc autant par sa profondeur que par sa simplicit\u00e9 d&#8217;usage.<\/p>\n<\/div>\n","protected":false},"excerpt":{"rendered":"<p>Ira interviewed on Paul Critchley&#8217;s podcast (his day job is he&#8217;s an expert and consultant in lean) Consider\u00a0this presentation for your industry association gathering: Second Best Practices: Get 80% of the Benefit of So-Called Best Practices, Which You Think You Don\u2019t Have Time For For most leaders in a small business, the selling, making and [&hellip;]<\/p>\n","protected":false},"author":1,"featured_media":0,"parent":0,"menu_order":8,"comment_status":"closed","ping_status":"open","template":"","meta":{"footnotes":""},"class_list":["post-38","page","type-page","status-publish","hentry"],"_links":{"self":[{"href":"https:\/\/irabryck.com\/index.php?rest_route=\/wp\/v2\/pages\/38","targetHints":{"allow":["GET"]}}],"collection":[{"href":"https:\/\/irabryck.com\/index.php?rest_route=\/wp\/v2\/pages"}],"about":[{"href":"https:\/\/irabryck.com\/index.php?rest_route=\/wp\/v2\/types\/page"}],"author":[{"embeddable":true,"href":"https:\/\/irabryck.com\/index.php?rest_route=\/wp\/v2\/users\/1"}],"replies":[{"embeddable":true,"href":"https:\/\/irabryck.com\/index.php?rest_route=%2Fwp%2Fv2%2Fcomments&post=38"}],"version-history":[{"count":40,"href":"https:\/\/irabryck.com\/index.php?rest_route=\/wp\/v2\/pages\/38\/revisions"}],"predecessor-version":[{"id":2087,"href":"https:\/\/irabryck.com\/index.php?rest_route=\/wp\/v2\/pages\/38\/revisions\/2087"}],"wp:attachment":[{"href":"https:\/\/irabryck.com\/index.php?rest_route=%2Fwp%2Fv2%2Fmedia&parent=38"}],"curies":[{"name":"wp","href":"https:\/\/api.w.org\/{rel}","templated":true}]}}