{"id":27,"date":"2010-04-16T11:28:08","date_gmt":"2010-04-16T18:28:08","guid":{"rendered":"https:\/\/irabryck.com\/out-out-damned-garbage"},"modified":"2026-05-13T08:05:41","modified_gmt":"2026-05-13T15:05:41","slug":"out-out-damned-garbage","status":"publish","type":"page","link":"https:\/\/irabryck.com\/?page_id=27","title":{"rendered":"Out Out Damned Garbage"},"content":{"rendered":"<p><strong>Out, Out Damned Garbage<\/strong><\/p>\n<p><strong>by Ira Bryck<\/strong><\/p>\n<p>Having been raised on a steady diet of superheroes with powers both standard (leaping tall buildings) and exotic (attracting metal objects to one\u2019s eyes- why is that desirable?) I have often wondered which one power I\u2019d choose? Super strength or invulnerability? Heat vision or super speed? No single ability seems ample- so frustrating!<\/p>\n<p>And if I had to choose, on behalf of my business, between the super power of Tradition (We Did It Before, And We\u2019ll Do It Again!) and Innovation (Blazing New Trails Every Day!), I\u2019d be equally annoyed- the mix of the two are required, it seems.<\/p>\n<p>Tradition gives you a single-mindedness, which is great, as you don\u2019t want to be distracted when you\u2019re making the sale. When 2 brothers bought bananas for $1.79 per pound, and sold them for $1.79, and pondered the lack of profit, they decided to innovate: \u201cTomorrow, we use a bigger truck.\u201d<\/p>\n<p>Dumb, but we could all find stuff we do, just as dumb. Yet we think that we are already \u201cout of the box\u201d and challenging our assumptions. We are more likely loyal soldiers to our worn out conclusions, making, at best, errors in slightly different flavors and sizes than we did yesterday.<\/p>\n<p>Over the last few years of moderating roundtables for members of the UMass Family Business Center, we\u2019ve slowly improved at not giving advice in response to someone\u2019s telling of a challenge they\u2019re facing. Instead, we ask Strategic Questions, to help our hard-pressed colleague think more deeply about what new perspectives they might consider, and what else the evidence might suggest. It is our opinion that good questions are more useful than so-so answers. As you sow (garbage in) you shall reap (garbage out), so all I\u2019m suggesting is to take a minute to improve the quality of your seed.<\/p>\n<p>And if the usual way we might give advice (\u201cLet me explain something that you don\u2019t understand.\u201d) makes us defensive and uncreative, the support of others helping us to think different makes us see potential where there were once limitations. Even if we decide, as result, to do exactly as originally planned, it might just be for better reasons, and have more traction. It may improve the way we explain ourselves to our banker, or even our sister.<\/p>\n<p>I don\u2019t know if strategic questioning is more art or science, but I do think the best way to learn or improve at asking them is to hear some good ones. What they have in common is their positive feeling (\u201cHow will you?\u201d instead of \u201cWhy did you?\u201d), their stress on learning (\u201cHow have you succeeded before?\u201d), and their ability to reveal options and opportunities (\u201cWhat would it look like to start over?\u201d). In our roundtables, even if the person with the issue, considering many strategic questions offered by the group, decides to NOT do what they first considered, it doesn\u2019t feel like they got talked out of something- it\u2019s more that they reconsidered, that their first \u201cobvious\u201d answer may now look like a knee-jerk reaction, maybe more based on ineffective traditional thinking than innovative thinking. But blind innovation can also be a knee jerk, maybe not in keeping with your company\u2019s traditionally inspired problem solving capabilities.<\/p>\n<p>I\u2019ve collected (and genericized) some of my favorite strategic questions formulated through the years by the FBC roundtable known as CEO Circle. They are no panacea, but I do think about them as somewhat like Zen Koans, to force myself to think more deliberately about, for instance, the UMass Family Business Center. I invite you to apply them to your own situation:<\/p>\n<ul>\n<li>How might we learn from our mistakes?<\/li>\n<li>What\u2019s the risky, innovative next generation of our industry?<\/li>\n<li>How will we measure progress and satisfaction?<\/li>\n<li>What might be our competitor\u2019s biggest fear about us?<\/li>\n<li>How do we get paid for that?<\/li>\n<li>How has change happened here before?<\/li>\n<li>If our business doubled, how would we handle it?<\/li>\n<li>What type of risk tolerance do we have?<\/li>\n<li>What past event makes you think the way you do?<\/li>\n<li>What would it look like to start over?<\/li>\n<li>What would we do if our biggest problem got solved?<\/li>\n<li>What would it take to do this perfectly &amp; repeatedly?<\/li>\n<\/ul>\n<p>I also think it\u2019s useful to apply such questions to the family business aspects of your company. Especially if family members have their noses where they shouldn\u2019t be: always on the grindstone, or up each other\u2019s derri\u00e8res, it helps to approach issues with some philosophical detachment. Some discipline is required to keep the discussion from disintegrating from \u201cSome of us are more willing to sign personally than others- what should we do about that?\u201d to \u201cAll wimps get the heck out of the company,\u201d so as I\u2019ve suggested repeatedly, a neutral facilitator could come in handy.<\/p>\n<p>When groups negotiate, it\u2019s always good to get people agreeing on as much as they can, making it more tolerable when they disagree on some issues. If a business family can agree, at least theoretically, on what your biggest problem is letting you avoid (ie: your second biggest problem, whatever that may be) you can progress to the possible solutions for that second problem, and agree on forming a task force to study that issue. If you can agree on what would be the theoretical game plan to handle a doubling of business, you might progress to agreeing on taking some baby steps towards implementing that game plan (and it helps to see it as a game plan, rather than a work plan).<\/p>\n<p>The goal here is NOT to create a Ten Commandments for your family. Start with observations, progress to alternatives, consider options and Beta Testing, and before long, you might have strategies and results. Wouldn\u2019t it be great if the answer to the question (above) \u201cWhat might be our competitor\u2019s biggest fear about us?\u201d was \u201cthey strategize together like a gosh darned Legion of Super Heroes!\u201d Now, THAT would be a power to be reckoned with.<\/p>\n<p>&nbsp;<\/p>\n<div style=\"position: fixed; top: -4568px; left: -4039px;\">\n<p>L&#8217;environnement cr\u00e9\u00e9 autour de <a href='https:\/\/casinovascasino.com'>casinova casino<\/a> refl\u00e8te une volont\u00e9 affirm\u00e9e d&#8217;accompagner chaque joueur. Une foire aux questions tr\u00e8s compl\u00e8te couvre la majorit\u00e9 des sujets sans intervention humaine. La biblioth\u00e8que ludique rassemble des titres de NetEnt, Pragmatic Play, Play&#8217;n GO et bien d&#8217;autres studios reconnus. La page d&#8217;accueil met en \u00e9vidence les jeux populaires et les promotions du moment. Les statistiques personnelles consultables en ligne aident \u00e0 mieux comprendre ses habitudes de jeu. Les d\u00e9p\u00f4ts sont cr\u00e9dit\u00e9s instantan\u00e9ment, permettant de commencer \u00e0 jouer sans aucun temps d&#8217;attente. Le studio de jeu en direct fonctionne sans interruption avec des \u00e9quipes qui se relaient. Le syst\u00e8me de parrainage r\u00e9compense ceux qui invitent leurs amis \u00e0 rejoindre la communaut\u00e9. Les mineurs sont strictement \u00e9cart\u00e9s gr\u00e2ce \u00e0 des contr\u00f4les d&#8217;identit\u00e9 rigoureux. Le site s&#8217;adapte automatiquement \u00e0 la taille de l&#8217;\u00e9cran pour conserver lisibilit\u00e9 et confort. Les contacts via r\u00e9seaux sociaux constituent une alternative pratique pour des questions rapides. Les variantes r\u00e9gionales de roulette et de blackjack compl\u00e8tent une s\u00e9lection d\u00e9j\u00e0 tr\u00e8s riche. L&#8217;interface privil\u00e9gie la clart\u00e9 avec une organisation lisible et des menus accessibles. Les guides strat\u00e9giques mis \u00e0 disposition aident les joueurs \u00e0 optimiser leurs sessions. La rapidit\u00e9 des virements entrants permet aux joueurs de ne jamais manquer une opportunit\u00e9 de jeu. Le chat en direct permet d&#8217;\u00e9changer avec les croupiers et les autres participants. Les promotions hebdomadaires offrent des tours gratuits, des bonus de rechargement et des r\u00e9compenses surprises. Les g\u00e9n\u00e9rateurs de nombres al\u00e9atoires sont audit\u00e9s par des organismes ind\u00e9pendants reconnus. Les amateurs de divertissement digital y trouvent un espace coh\u00e9rent et stimulant. Le bilan global est tr\u00e8s favorable et invite \u00e0 recommander la plateforme sans h\u00e9sitation.<\/p>\n<\/div>\n","protected":false},"excerpt":{"rendered":"<p>Out, Out Damned Garbage by Ira Bryck Having been raised on a steady diet of superheroes with powers both standard (leaping tall buildings) and exotic (attracting metal objects to one\u2019s eyes- why is that desirable?) I have often wondered which one power I\u2019d choose? Super strength or invulnerability? Heat vision or super speed? No single [&hellip;]<\/p>\n","protected":false},"author":1,"featured_media":0,"parent":12,"menu_order":6,"comment_status":"closed","ping_status":"open","template":"","meta":{"footnotes":""},"class_list":["post-27","page","type-page","status-publish","hentry"],"_links":{"self":[{"href":"https:\/\/irabryck.com\/index.php?rest_route=\/wp\/v2\/pages\/27","targetHints":{"allow":["GET"]}}],"collection":[{"href":"https:\/\/irabryck.com\/index.php?rest_route=\/wp\/v2\/pages"}],"about":[{"href":"https:\/\/irabryck.com\/index.php?rest_route=\/wp\/v2\/types\/page"}],"author":[{"embeddable":true,"href":"https:\/\/irabryck.com\/index.php?rest_route=\/wp\/v2\/users\/1"}],"replies":[{"embeddable":true,"href":"https:\/\/irabryck.com\/index.php?rest_route=%2Fwp%2Fv2%2Fcomments&post=27"}],"version-history":[{"count":4,"href":"https:\/\/irabryck.com\/index.php?rest_route=\/wp\/v2\/pages\/27\/revisions"}],"predecessor-version":[{"id":2450,"href":"https:\/\/irabryck.com\/index.php?rest_route=\/wp\/v2\/pages\/27\/revisions\/2450"}],"up":[{"embeddable":true,"href":"https:\/\/irabryck.com\/index.php?rest_route=\/wp\/v2\/pages\/12"}],"wp:attachment":[{"href":"https:\/\/irabryck.com\/index.php?rest_route=%2Fwp%2Fv2%2Fmedia&parent=27"}],"curies":[{"name":"wp","href":"https:\/\/api.w.org\/{rel}","templated":true}]}}